 = -2*c + 2*i - 36. Calculate the remainder when 1 is divided by (-10)/c + (-2)/(-7).
0
Let h(s) = -s**3 - 16*s**2 - 15*s + 9. Let d = 15 + -9. Calculate the remainder when h(-15) is divided by d.
3
Let p(x) = -7*x**2 - 6*x + x - x**3 - 2*x + 1. Suppose 0 = 2*y - 2*s + 5 + 7, 0 = -4*s. What is the remainder when 20 is divided by p(y)?
6
Suppose 63 = 5*d - 2*d + 2*p, -21 = -d - p. Calculate the remainder when d is divided by 11.
10
Let z(j) = j**3 - 5*j + 2. What is the remainder when z(3) is divided by 5?
4
Let v(w) = w**2 + 7*w + 6. Let s be v(-6). Let f be 53*-1 + (s - 0). What is the remainder when -3 + 1 - (f - -2) is divided by 17?
15
Let u be 3 - 63/(3 + -6). Suppose 0 = 5*r - u - 41. What is the remainder when r is divided by (-15)/(-3)*(1 + 0)?
3
Let s = -10 + 32. Let z(o) = -o - 1. Calculate the remainder when s is divided by z(-13).
10
Suppose -4*z = -75 - 257. What is the remainder when z is divided by 21?
20
What is the remainder when 89 is divided by -5 + 27 + 2 + -1?
20
Suppose -117 = -2*j - 31. Suppose 11*c - 22 = 9*c. Calculate the remainder when j is divided by c.
10
Suppose 0 = -2*k - 0*k - 4*r + 26, 4*k = -r + 24. Let i(c) = 9*c. What is the remainder when i(1) is divided by k?
4
Let o = -7 + 10. Suppose -13 = -5*c + 2. What is the remainder when c is divided by o?
0
Let c(n) = -n**3 + 9*n**2 - 7*n - 6. Let f be c(8). Suppose f*r - 6 = -r. Suppose r*o + 62 = 3*s + 6*o, -o = 4. What is the remainder when s is divided by 14?
12
Let f(m) be the third derivative of m**5/60 - 7*m**4/24 - 4*m**3/3 - 3*m**2. Calculate the remainder when 29 is divided by f(9).
9
Let k(p) = -3*p**3 + 2*p**3 + 1 + 0*p + 13*p**2 - p - 5*p**2. Let x = 2 + 13. What is the remainder when k(7) is divided by x?
13
Calculate the remainder when 21 is divided by (-308)/(-26) - (-8)/52.
9
Suppose -23*s = -19*s - 68. Suppose -3*q - 157 = -0*o - 5*o, 34 = o + 2*q. Calculate the remainder when o is divided by s.
15
Suppose -u + 2*w + 84 = -0*u, -444 = -5*u + 4*w. What is the remainder when u is divided by 24?
20
Let b = -64 + 73. Suppose 0*y + 4*y = 68. What is the remainder when y is divided by b?
8
Suppose -3*x = 2*t + 2*x + 15, -4*x - 40 = -4*t. Suppose -t*s = b - 8 + 3, 20 = 5*s. Let y = 29 + b. Calculate the remainder when 53 is divided by y.
11
Let a = -6 + 13. Suppose -4*o - 4 = 0, 2*r + o - 12 = r. Suppose r = -0*z + z. Calculate the remainder when z is divided by a.
6
Suppose -68 = 2*j - 6*j. Calculate the remainder when j is divided by (-2)/(-1) - (-39)/13.
2
Let l(k) = 4*k**3 - k - 1. Let c be l(4). Suppose -c = -4*f + 17. Calculate the remainder when f is divided by 23.
21
Suppose -2*u = 5*x - 97, -2*u - 71 = -0*x - 3*x. Calculate the remainder when 41 is divided by x.
20
Let k = 61 - 33. What is the remainder when k is divided by 5?
3
Let q = 4 - 5. Let w be 1 - (q - -1) - -4. Suppose 0*y + w*y = 15. What is the remainder when 5 is divided by y?
2
Let f(l) = -l**3 - 12*l**2 - 2*l + 11. Calculate the remainder when f(-12) is divided by 18.
17
Let s = 20 - 12. Calculate the remainder when s is divided by 3.
2
Suppose 0*r = 3*r - 15. Suppose -3*x = r*f - x - 138, 5*f - 114 = 4*x. Suppose 2 + f = 2*p. What is the remainder when 27 is divided by p?
13
Calculate the remainder when 7 is divided by (-1 - -2)/(7/28).
3
Let o(z) = -z**3 + 4*z**2 + 5*z + 5. Let l be o(5). Let y = 6 - l. Let i(r) = 17*r**2 + r - 1. Calculate the remainder when i(y) is divided by 7.
3
Let h(u) = -3*u - 8. Calculate the remainder when 12 is divided by h(-5).
5
Let h(o) = o**2 - o + 16. Calculate the remainder when h(0) is divided by 9.
7
Suppose 4*q - 104 = -0*k + 2*k, 0 = -q + 2*k + 20. Suppose -5 = 3*y - 50. What is the remainder when q is divided by y?
13
Let x(j) = -2*j + j**3 - 5*j + 5*j**2 + 0*j. Calculate the remainder when x(-5) is divided by 12.
11
Let i(p) = 3*p**2 + 6*p - 10. Let f be i(-7). Suppose 4*a - f = 17. Let h(g) = -g + 2. What is the remainder when a is divided by h(-8)?
8
Calculate the remainder when (-92)/(-10) + (7 + -14)/35 is divided by 9.
0
Suppose 11 + 22 = 3*t. Let m(h) = h**2 + h + 4. Calculate the remainder when t is divided by m(0).
3
Let s be -5*(0 + (-28)/(-4)). Let p = s - -70. Calculate the remainder when p is divided by 12.
11
Let q(u) = -14*u - 3. Suppose -2*v + 2*j = 2*v - 26, 0 = 4*v + 5*j - 61. What is the remainder when q(-2) is divided by v?
7
Let f = 30 + -23. Calculate the remainder when 34 is divided by f.
6
Let a(c) = -39*c + 19. Let m be a(-9). Suppose 0 = -2*j + s + 2*s + 148, -m = -5*j + s. What is the remainder when j is divided by 19?
17
Suppose 0 + 6 = -z. Let p(y) = 2*y**2 + 6*y + 8. Calculate the remainder when p(z) is divided by 12.
8
Let n = 11 + -1. Let f(c) = -c**3 - 16*c**2 - 18*c - 43. Calculate the remainder when n is divided by f(-15).
0
Let x = 63 - 37. What is the remainder when x is divided by 7?
5
Let o be 161/(-2) + (-2)/(-4). Suppose -13 = -3*z + 17. What is the remainder when o/(-4) - 2/2 is divided by z?
9
Suppose -5*i + 0*v = -v - 235, 0 = 2*v. What is the remainder when i is divided by 25?
22
Suppose 2*x + 2*x - 40 = 0. Suppose 5*v + 1 = -4. Let d = 7 + v. Calculate the remainder when x is divided by d.
4
Let m be 83 + (0 - -6)/(-3). Suppose 27*j - m = 24*j. What is the remainder when 51 is divided by j?
24
Suppose 5*x - 103 = -13. Suppose -3*h + l = x - 69, 2*l - 42 = -3*h. What is the remainder when 30 is divided by h?
14
Suppose 3 = 3*d - 6. Suppose 4*o - 26 = d*y + 41, o = -5*y + 34. Suppose z = -3*z + 4*j - 4, o = z + 3*j. What is the remainder when 11 is divided by z?
3
Calculate the remainder when ((-27)/(-45))/(213/105 + -2) is divided by 7.
0
Suppose 3*z + 0 = 18. Calculate the remainder when (34 + z)*(-3)/(-2) is divided by 16.
12
Suppose -9 = -5*u + 1. Suppose 0 = -0*v + v - 6. Suppose 3*w = v*w + 4*g - 14, -g = -2. Calculate the remainder when u is divided by w.
0
Let d(l) = -35*l + 1. Let h be -7*(5 + -3 - 1). Let o be d(h). Calculate the remainder when 37 is divided by 2/(-3) + o/18.
11
Suppose r = -47 + 117. Calculate the remainder when r is divided by 24.
22
Suppose 0*n + n + 3 = 0. Let g(j) = j + 1. Let x be g(n). What is the remainder when 27 is divided by (19 + -5)/(x/(-1))?
6
Let t(b) = 6*b + 7. Calculate the remainder when 61 is divided by t(4).
30
Suppose 3*a = -2*k + 4*k - 47, 2*a - 70 = -5*k. Let q(o) = -5*o**2 - 4*o - 2. Let x be q(-2). Let s = x - -20. What is the remainder when k is divided by s?
4
Suppose -4*u = 5*t - 37, -4*u - 26 = -4*t + 18. Calculate the remainder when 50 is divided by t.
5
Calculate the remainder when 45 is divided by (-36)/6 - -4 - (-10 - 0).
5
Let w = 9 + -5. Calculate the remainder when 6 is divided by w.
2
What is the remainder when 174 is divided by 8/(-2) + -2 + (-112)/(-4)?
20
Let h be ((-34)/5)/(1/(-10)). Suppose 0 = 2*k - 3*c - h, -c + 174 = 4*k + 38. What is the remainder when k is divided by (-368)/(-20) - (-4)/(-10)?
16
Let b(m) = m + 14 - 3*m + m. Let j be (-2)/(-4)*0/6. What is the remainder when 27 is divided by b(j)?
13
What is the remainder when 3*((-123)/(-9) - 0) is divided by 14?
13
Let i(d) = -6*d + 2. Suppose 120 = -5*p + 5*u, 54 = p - 3*p + 5*u. Let a = p + 63. What is the remainder when a is divided by i(-2)?
13
Suppose f = 4*b + 18, f = -f - b + 36. Let x(s) = -s - 1. Let p(z) = 7*z**3 + 6. Let t(i) = p(i) + 3*x(i). Calculate the remainder when t(2) is divided by f.
17
Let p(t) = t**3 - 4*t**2 - 5*t + 1. Let q be p(5). What is the remainder when (-3 + 6 + -1)*q is divided by 1?
0
Let r be 9/(-15) + 23/5. What is the remainder when ((-231)/(-14))/(3/r) is divided by 12?
10
What is the remainder when 27 is divided by (6 - (-3 + 1)) + 2?
7
Let s = 21 - 10. Let b = 3 - -1. What is the remainder when s is divided by (b/(-5))/(2/(-10))?
3
Let y(l) = -25*l**3 - l**2 - 2*l - 1. Calculate the remainder when y(-1) is divided by 9.
7
Suppose -5*w = -4*q + 55, 2*q - 3*w - 11 = 18. Calculate the remainder when q is divided by 4.
2
Suppose 4*a + 10 = -h + 62, 0 = 3*h + 2*a - 156. Calculate the remainder when 205 is divided by h.
49
Suppose 5*q = 38 - 13. What is the remainder when 5 is divided by (-20)/6*(-6)/q?
1
What is the remainder when ((-155)/10)/(1/(-2)) is divided by 8?
7
Suppose 5*m = -v + 119, -11 = -2*m + m + 3*v. Suppose 44 = 5*b + 2